{"id":91,"date":"2019-08-28T12:51:37","date_gmt":"2019-08-28T12:51:37","guid":{"rendered":"http:\/\/kita-schaftlach.de\/?page_id=91"},"modified":"2024-02-26T09:33:52","modified_gmt":"2024-02-26T09:33:52","slug":"eintag-in-unserem-kindergarten","status":"publish","type":"page","link":"https:\/\/kita-schaftlach.de\/?page_id=91","title":{"rendered":"Ein Tag in unserem Kindergarten"},"content":{"rendered":"<ul>\n<li><strong>07:00 \u2013 08:30 Uhr <\/strong>Bringzeit<\/li>\n<li><strong>08:30 \u2013 08:45 Uhr <\/strong>gruppen\u00fcbergreifender Morgenkreis<\/li>\n<li><strong>08:45 \u2013 11:00 Uhr <\/strong>Freispiel, \u00d6ffnung im Haus, gruppen\u00fcbergreifende Vorschulerziehung, Workshops zu verschiedene F\u00f6derbereichen, freie Brotzeit, Einzel- und Kleingruppen-f\u00f6rderung), gezielte Besch\u00e4ftigung in der Stammgruppe, Garten oder Spaziergang<\/li>\n<li><strong>12:00 \u2013 13:00 Uhr <\/strong>Mittagessen und Brotzeit<\/li>\n<li><strong>13:00 &#8211; 14:00 Uhr <\/strong>Ausruhen oder Spiel (Kinder entscheiden selbst)<\/li>\n<li><strong>13:00 \u2013 16:30 Uhr <\/strong>Freispiel<\/li>\n<\/ul>\n<p><strong>Die Abholzeit ist je nach Buchung (ohne Mittagsverpflegung) ab 12:30 Uhr.<\/strong><\/p>\n","protected":false},"excerpt":{"rendered":"<p>07:00 \u2013 08:30 Uhr Bringzeit 08:30 \u2013 08:45 Uhr gruppen\u00fcbergreifender Morgenkreis 08:45 \u2013 11:00 Uhr Freispiel, \u00d6ffnung im Haus, gruppen\u00fcbergreifende Vorschulerziehung, Workshops zu verschiedene F\u00f6derbereichen, freie Brotzeit, Einzel- und Kleingruppen-f\u00f6rderung), gezielte Besch\u00e4ftigung in der Stammgruppe, Garten oder Spaziergang 12:00 \u2013 13:00 Uhr Mittagessen und Brotzeit 13:00 &#8211; 14:00 Uhr Ausruhen oder Spiel (Kinder entscheiden selbst) &hellip; <\/p>\n<p class=\"link-more\"><a href=\"https:\/\/kita-schaftlach.de\/?page_id=91\" class=\"more-link\"><span class=\"screen-reader-text\">\u201eEin Tag in unserem Kindergarten\u201c<\/span> weiterlesen<\/a><\/p>\n","protected":false},"author":2,"featured_media":0,"parent":0,"menu_order":0,"comment_status":"closed","ping_status":"closed","template":"","meta":{"footnotes":""},"class_list":["post-91","page","type-page","status-publish","hentry"],"_links":{"self":[{"href":"https:\/\/kita-schaftlach.de\/index.php?rest_route=\/wp\/v2\/pages\/91","targetHints":{"allow":["GET"]}}],"collection":[{"href":"https:\/\/kita-schaftlach.de\/index.php?rest_route=\/wp\/v2\/pages"}],"about":[{"href":"https:\/\/kita-schaftlach.de\/index.php?rest_route=\/wp\/v2\/types\/page"}],"author":[{"embeddable":true,"href":"https:\/\/kita-schaftlach.de\/index.php?rest_route=\/wp\/v2\/users\/2"}],"replies":[{"embeddable":true,"href":"https:\/\/kita-schaftlach.de\/index.php?rest_route=%2Fwp%2Fv2%2Fcomments&post=91"}],"version-history":[{"count":4,"href":"https:\/\/kita-schaftlach.de\/index.php?rest_route=\/wp\/v2\/pages\/91\/revisions"}],"predecessor-version":[{"id":1847,"href":"https:\/\/kita-schaftlach.de\/index.php?rest_route=\/wp\/v2\/pages\/91\/revisions\/1847"}],"wp:attachment":[{"href":"https:\/\/kita-schaftlach.de\/index.php?rest_route=%2Fwp%2Fv2%2Fmedia&parent=91"}],"curies":[{"name":"wp","href":"https:\/\/api.w.org\/{rel}","templated":true}]}}