{"id":82,"date":"2019-05-24T12:37:40","date_gmt":"2019-05-24T12:37:40","guid":{"rendered":"http:\/\/kita-schaftlach.de\/?page_id=82"},"modified":"2025-09-22T09:58:32","modified_gmt":"2025-09-22T09:58:32","slug":"was-kostet-der-kindergartenbesuch","status":"publish","type":"page","link":"https:\/\/kita-schaftlach.de\/?page_id=82","title":{"rendered":"Was kostet der Kindergartenbesuch?"},"content":{"rendered":"<p><span style=\"text-decoration: underline; color: #800000;\"><strong>Beitr\u00e4ge ab 01.07.2025<\/strong><\/span><\/p>\n<table>\n<tbody>\n<tr>\n<td width=\"85\"><strong>t\u00e4glich<\/strong><\/td>\n<td width=\"127\"><strong>Kindergarten-beitrag (mtl.)<\/strong><\/td>\n<td width=\"154\"><strong>Kindergartenbeitrag f\u00fcr Geschwisterkinder (mtl.)<\/strong><\/td>\n<\/tr>\n<tr>\n<td width=\"85\"><strong>4 \u2013 5 Std.<\/strong><\/td>\n<td width=\"127\"><strong>135,00 \u20ac<\/strong><\/td>\n<td width=\"154\"><strong>122,00 \u20ac<\/strong><\/td>\n<\/tr>\n<tr>\n<td width=\"85\"><strong>5 \u2013 6 Std.<\/strong><\/td>\n<td width=\"127\"><strong>149,00 \u20ac<\/strong><\/td>\n<td width=\"154\"><strong>134,00 \u20ac<\/strong><\/td>\n<\/tr>\n<tr>\n<td width=\"85\"><strong>6 \u2013 7 Std.<\/strong><\/td>\n<td width=\"127\"><strong>164,00 \u20ac<\/strong><\/td>\n<td width=\"154\"><strong>147,00 \u20ac<\/strong><\/td>\n<\/tr>\n<tr>\n<td width=\"85\"><strong>7 \u2013 8 Std.<\/strong><\/td>\n<td width=\"127\"><strong>180,00 \u20ac<\/strong><\/td>\n<td width=\"154\"><strong>162,00 \u20ac<\/strong><\/td>\n<\/tr>\n<tr>\n<td width=\"85\"><strong>8 \u2013 9 Std.<\/strong><\/td>\n<td width=\"127\"><strong>198,00 \u20ac<\/strong><\/td>\n<td width=\"154\"><strong>178,00 \u20ac<\/strong><\/td>\n<\/tr>\n<tr>\n<td width=\"85\"><strong>9 \u2013 10 Std.<\/strong><\/td>\n<td width=\"127\"><strong>215,00 \u20ac<\/strong><\/td>\n<td width=\"154\"><strong>195,00 \u20ac<\/strong><\/td>\n<\/tr>\n<\/tbody>\n<\/table>\n<ul>\n<li>zzgl. Spiel-, Folien- und Kopiergeld 7,00 \u20ac (mtl.)<\/li>\n<li>Mindestbuchung: 5 Tage \u00e1 4 &#8211; 5 Stunden<\/li>\n<li>Kindergartenbetreuungszuschuss: -100 \u20ac f\u00fcr Kinder ab September dem Jahres, in welchem sie 3 Jahre werden<\/li>\n<\/ul>\n<p>Die Buchungszeiten im Kindergarten k\u00f6nnen innerhalb der \u00d6ffnungszeit im Halb-Stunden-Takt erfolgen. Die Kernzeit muss darin inbegriffen sein.<\/p>\n<p>Die Geb\u00fchren werden f\u00fcr 12 Monate berechnet und bei Bedarf den laufenden, steigenden Kosten angepasst.<\/p>\n<p>&nbsp;<\/p>\n<p>Das Mittagessen wird vom<a href=\"http:\/\/www.wieser-catering.de\/\"> Catering Wieser<\/a> t\u00e4glich frisch, ausgewogen und abwechslungsreich zubereitet. Die Kosten pro angemeldeten Essen betragen zus\u00e4tzlich 4,40 \u20ac. Optional k\u00f6nnen die Kinder auch Brotzeit machen.<\/p>\n<p>Per E-Mail k\u00f6nnen die Eltern ihre Kinder an- bzw. abmelden. Bei der Option \u201eAbo\u201c m\u00fcssen die Kinder rechtzeitig vom Essen abgemeldet werden, ansonsten sind sie dauerhaft gebucht. Diese Option wird bei Eintritt in die Kita abgefragt und ist jederzeit anpassbar.<\/p>\n<p>Die genauen Regelungen sind in der P\u00e4dagogischen Konzeption und <a href=\"https:\/\/kita-schaftlach.de\/wp-content\/uploads\/2023\/08\/Konzeption-Haus-fuer-Kinder-Schaftlach-inkl.-Gliederung.pdf\">hier<\/a> zu finden. Speisepl\u00e4ne finden Sie als Aushang in der Einrichtung und <a href=\"https:\/\/kita-schaftlach.de\/?page_id=1100\">online auf der Kita-Website<\/a>.<\/p>\n","protected":false},"excerpt":{"rendered":"<p>Beitr\u00e4ge ab 01.07.2025 t\u00e4glich Kindergarten-beitrag (mtl.) Kindergartenbeitrag f\u00fcr Geschwisterkinder (mtl.) 4 \u2013 5 Std. 135,00 \u20ac 122,00 \u20ac 5 \u2013 6 Std. 149,00 \u20ac 134,00 \u20ac 6 \u2013 7 Std. 164,00 \u20ac 147,00 \u20ac 7 \u2013 8 Std. 180,00 \u20ac 162,00 \u20ac 8 \u2013 9 Std. 198,00 \u20ac 178,00 \u20ac 9 \u2013 10 Std. 215,00 &hellip; <\/p>\n<p class=\"link-more\"><a href=\"https:\/\/kita-schaftlach.de\/?page_id=82\" class=\"more-link\"><span class=\"screen-reader-text\">\u201eWas kostet der Kindergartenbesuch?\u201c<\/span> weiterlesen<\/a><\/p>\n","protected":false},"author":2,"featured_media":0,"parent":0,"menu_order":0,"comment_status":"closed","ping_status":"closed","template":"","meta":{"footnotes":""},"class_list":["post-82","page","type-page","status-publish","hentry"],"_links":{"self":[{"href":"https:\/\/kita-schaftlach.de\/index.php?rest_route=\/wp\/v2\/pages\/82","targetHints":{"allow":["GET"]}}],"collection":[{"href":"https:\/\/kita-schaftlach.de\/index.php?rest_route=\/wp\/v2\/pages"}],"about":[{"href":"https:\/\/kita-schaftlach.de\/index.php?rest_route=\/wp\/v2\/types\/page"}],"author":[{"embeddable":true,"href":"https:\/\/kita-schaftlach.de\/index.php?rest_route=\/wp\/v2\/users\/2"}],"replies":[{"embeddable":true,"href":"https:\/\/kita-schaftlach.de\/index.php?rest_route=%2Fwp%2Fv2%2Fcomments&post=82"}],"version-history":[{"count":24,"href":"https:\/\/kita-schaftlach.de\/index.php?rest_route=\/wp\/v2\/pages\/82\/revisions"}],"predecessor-version":[{"id":2130,"href":"https:\/\/kita-schaftlach.de\/index.php?rest_route=\/wp\/v2\/pages\/82\/revisions\/2130"}],"wp:attachment":[{"href":"https:\/\/kita-schaftlach.de\/index.php?rest_route=%2Fwp%2Fv2%2Fmedia&parent=82"}],"curies":[{"name":"wp","href":"https:\/\/api.w.org\/{rel}","templated":true}]}}