{"id":783,"date":"2020-11-02T09:47:09","date_gmt":"2020-11-02T09:47:09","guid":{"rendered":"http:\/\/kita-schaftlach.de\/?page_id=783"},"modified":"2025-07-16T09:44:21","modified_gmt":"2025-07-16T09:44:21","slug":"vormerkung-anmeldung-in-unserer-kita","status":"publish","type":"page","link":"https:\/\/kita-schaftlach.de\/?page_id=783","title":{"rendered":"Vormerkung in unserer Kita"},"content":{"rendered":"<p style=\"text-align: center;\"><span style=\"font-size: 14pt;\"><strong>Die <span style=\"color: #339966;\">Vormerkung \/ Anmeldung<\/span> in unserer Kindertagesst\u00e4tte l\u00e4uft wie folgt ab:<\/strong><\/span><\/p>\n<p><img loading=\"lazy\" decoding=\"async\" class=\"wp-image-2081 aligncenter\" src=\"http:\/\/kita-schaftlach.de\/wp-content\/uploads\/2025\/03\/Unbenannt.png\" alt=\"\" width=\"143\" height=\"90\" \/><\/p>\n<p>&nbsp;<\/p>\n<p><span style=\"font-size: 1rem;\">\u00a0Das Vormerkverfahren &#8222;Little Bird&#8220; ist ab 01.03.2025 \u00fcber das\u00a0 Elternportal\u00a0\u00a0 <\/span><\/p>\n<ul>\n<li style=\"list-style-type: none; text-align: center;\"><strong><span style=\"font-size: 1rem; color: #ff0000;\">https:\/\/kinderbetreuung-landkreis-miesbach.little-bird.de\/<\/span><\/strong><\/li>\n<li style=\"list-style-type: none;\"><span style=\"font-size: 1rem; color: #ff0000;\"><span style=\"color: #000000;\">zu erreichen.<\/span><\/span><\/li>\n<li style=\"list-style-type: none;\">In dem Flyer &#8211;<a href=\"http:\/\/kita-schaftlach.de\/wp-content\/uploads\/2025\/02\/LITTLE-BIRD-Falzflyer-Miesbach_Ansicht.pdf\">LITTLE-BIRD-Falzflyer-Miesbach_Ansicht<\/a> &#8211; finden Sie zus\u00e4tzlich Infos und Hilfe.<\/li>\n<\/ul>\n<ul>\n<li style=\"list-style-type: none;\">\n<ul style=\"list-style-type: disc;\">\n<li>Die <span style=\"color: #808080;\"><strong>Anmeldung<\/strong><\/span> \u00fcber &#8222;Little Bird&#8220; (ab M\u00e4rz 2025) f\u00fcr einen Kita-Platz ist in der Regel w\u00e4hrend des laufenden Jahres <span style=\"color: #808080;\"><strong>jederzeit m\u00f6glich<\/strong><\/span>. F\u00fcr das folgende Kita-Jahr muss die digitale Vormerkung <span style=\"color: #808080;\"><strong>sp\u00e4testens bis zum 01.03 (Krippe\/Kiga) \/ 01.04 (Hort)<\/strong><\/span> erfolgen.<\/li>\n<\/ul>\n<\/li>\n<\/ul>\n<ul>\n<li style=\"list-style-type: none;\">\n<ul style=\"list-style-type: disc;\">\n<li>Der Tag der offenen T\u00fcr wird auf der Website und in der lokalen Presse bekannt gegeben. Der Tag der offenen T\u00fcr im Hort findet zeitgleich zur Schuleinschreibung der Grundschule Waakirchen statt.<\/li>\n<\/ul>\n<\/li>\n<\/ul>\n<ul>\n<li style=\"list-style-type: none;\">\n<ul style=\"list-style-type: disc;\">\n<li>Bei<span style=\"color: #808080;\"><strong> Fragen<\/strong><\/span> zu unserer Einrichtung, schicken Sie bitte eine <span style=\"color: #808080;\"><strong>E-Mail<\/strong><\/span> (Adressen s.u.) mit Ihren beschriebenen Anliegen!\n<ul style=\"list-style-type: square;\">\n<li><span style=\"text-decoration: underline;\">Krippe &amp; Kiga:<\/span> info@kiga-schaftlach.de<\/li>\n<li><span style=\"text-decoration: underline;\">Hort:<\/span> schukischawa@kiga-schaftlach.de<\/li>\n<\/ul>\n<\/li>\n<\/ul>\n<\/li>\n<\/ul>\n<ul>\n<li style=\"list-style-type: none;\"><\/li>\n<\/ul>\n<ul>\n<li style=\"list-style-type: none;\">\n<ul>\n<li>Falls es weniger Kita-Pl\u00e4tze als Anmeldungen gibt, ben\u00f6tigen wir noch eine <span style=\"color: #808080;\"><strong>Arbeitgeber- bzw. T\u00e4tigkeitsbescheinigung<\/strong><\/span>, welches Sie in diesem Falle sp\u00e4testens nach dem Anmeldeschluss\u00a0von uns\u00a0per Mail\u00a0 erhalten!<\/li>\n<\/ul>\n<\/li>\n<\/ul>\n<ul>\n<li style=\"list-style-type: none;\">\n<ul style=\"list-style-type: disc;\">\n<li>Falls <span style=\"color: #808080;\"><strong>freie Pl\u00e4tze<\/strong><\/span> w\u00e4hrend dem laufenden Kita-Jahr vorhanden sind, werden diese anhand der vorgegebenen <strong><span style=\"color: #808080;\">Aufnahmekriterien<\/span><\/strong> vergeben. Wenn Ihr Kind bei uns einen Platz erh\u00e4lt, werden Sie von uns kontaktiert.\n<ul style=\"list-style-type: square;\">\n<li><a href=\"http:\/\/kita-schaftlach.de\/?page_id=180\">Aufnahmekriterien Krippe<\/a><\/li>\n<li><a href=\"http:\/\/kita-schaftlach.de\/?page_id=182\">Aufnahmekriterien Kindergarten<\/a><\/li>\n<li><a href=\"http:\/\/kita-schaftlach.de\/?page_id=171\">Aufnahmekriterien Hort<\/a><\/li>\n<\/ul>\n<\/li>\n<\/ul>\n<\/li>\n<\/ul>\n<ul>\n<li style=\"list-style-type: none;\">\n<ul style=\"list-style-type: disc;\">\n<li>Unsere aktuellen <span style=\"color: #808080;\"><strong>Flyer<\/strong><\/span> finden Sie hier:\n<ul style=\"list-style-type: square;\">\n<li><a href=\"http:\/\/kita-schaftlach.de\/wp-content\/uploads\/2025\/07\/Krippen-Flyer-2025.pdf\">Krippen Flyer <\/a><\/li>\n<li><a href=\"http:\/\/kita-schaftlach.de\/wp-content\/uploads\/2025\/07\/Kiga-Flyer-2025.pdf\">Kiga Flyer<\/a><\/li>\n<li><a href=\"http:\/\/kita-schaftlach.de\/wp-content\/uploads\/2025\/07\/Flyer-SchukiSchaWa-Sj.-25-26.pdf\">Hort Flyer <\/a><\/li>\n<\/ul>\n<\/li>\n<\/ul>\n<\/li>\n<\/ul>\n<ul>\n<li style=\"list-style-type: none;\">\n<ul style=\"list-style-type: disc;\">\n<li><strong>Die Vormerkung begr\u00fcndet keine Anspr\u00fcche auf Aufnahme des Kindes in die Einrichtung, sowie die Einteilung in eine bestimmte Gruppe.<\/strong><\/li>\n<\/ul>\n<\/li>\n<\/ul>\n<table style=\"width: 127.069%; height: 749px;\">\n<tbody>\n<tr style=\"height: 50px;\">\n<td style=\"width: 125.284%; height: 50px;\" colspan=\"4\" width=\"604\"><strong>M\u00f6gliche Buchungszeiten (von\u2026bis\u2026) in\u2026<\/strong><\/td>\n<\/tr>\n<tr style=\"height: 29px;\">\n<td style=\"width: 19.4828%; height: 29px;\" width=\"132\"><\/td>\n<td style=\"width: 24.4828%; height: 29px;\" width=\"147\">\u2026 Krippe<\/td>\n<td style=\"width: 27.931%; height: 29px;\" width=\"161\">\u2026 Kindergarten<\/td>\n<td style=\"width: 53.3869%; height: 29px;\" width=\"164\">\u2026 SchuKiSchaWa<\/td>\n<\/tr>\n<tr style=\"height: 20px;\">\n<td style=\"width: 125.284%; height: 20px;\" colspan=\"4\" width=\"604\"><strong>Kommzeiten:<\/strong><\/td>\n<\/tr>\n<tr style=\"height: 50px;\">\n<td style=\"width: 19.4828%; height: 150px;\" rowspan=\"3\" width=\"132\"><\/td>\n<td style=\"width: 24.4828%; height: 50px;\" width=\"147\">7:00<\/td>\n<td style=\"width: 27.931%; height: 50px;\" width=\"161\">7:00<\/td>\n<td style=\"width: 53.3869%; height: 50px;\" width=\"164\">11:45<\/td>\n<\/tr>\n<tr style=\"height: 50px;\">\n<td style=\"width: 24.4828%; height: 50px;\" width=\"147\">7:30<\/td>\n<td style=\"width: 27.931%; height: 50px;\" width=\"161\">7:30<\/td>\n<td style=\"width: 53.3869%; height: 50px;\" width=\"164\">12:30<\/td>\n<\/tr>\n<tr style=\"height: 50px;\">\n<td style=\"width: 24.4828%; height: 50px;\" width=\"147\">8:00<\/td>\n<td style=\"width: 27.931%; height: 50px;\" width=\"161\">8:00<\/td>\n<td style=\"width: 53.3869%; height: 50px;\" width=\"164\">8:00<\/td>\n<\/tr>\n<tr style=\"height: 50px;\">\n<td style=\"width: 125.284%; height: 50px;\" colspan=\"4\" width=\"604\"><strong>Abholzeiten:<\/strong><\/td>\n<\/tr>\n<tr style=\"height: 50px;\">\n<td style=\"width: 19.4828%; height: 450px;\" rowspan=\"9\" width=\"132\"><\/td>\n<td style=\"width: 24.4828%; height: 50px;\" width=\"147\">12:00<\/td>\n<td style=\"width: 27.931%; height: 50px;\" width=\"161\">12:30<\/td>\n<td style=\"width: 53.3869%; height: 50px;\" width=\"164\"><\/td>\n<\/tr>\n<tr style=\"height: 50px;\">\n<td style=\"width: 24.4828%; height: 50px;\" width=\"147\"><\/td>\n<td style=\"width: 27.931%; height: 50px;\" width=\"161\">13:00<\/td>\n<td style=\"width: 53.3869%; height: 50px;\" width=\"164\"><\/td>\n<\/tr>\n<tr style=\"height: 50px;\">\n<td style=\"width: 24.4828%; height: 50px;\" width=\"147\"><\/td>\n<td style=\"width: 27.931%; height: 50px;\" width=\"161\">13:00<\/td>\n<td style=\"width: 53.3869%; height: 50px;\" width=\"164\"><\/td>\n<\/tr>\n<tr style=\"height: 50px;\">\n<td style=\"width: 24.4828%; height: 50px;\" width=\"147\">14:00<\/td>\n<td style=\"width: 27.931%; height: 50px;\" width=\"161\">14:00<\/td>\n<td style=\"width: 53.3869%; height: 50px;\" width=\"164\">14:00<\/td>\n<\/tr>\n<tr style=\"height: 50px;\">\n<td style=\"width: 24.4828%; height: 50px;\" width=\"147\"><\/td>\n<td style=\"width: 27.931%; height: 50px;\" width=\"161\">14:30<\/td>\n<td style=\"width: 53.3869%; height: 50px;\" width=\"164\">14.30<\/td>\n<\/tr>\n<tr style=\"height: 50px;\">\n<td style=\"width: 24.4828%; height: 50px;\" width=\"147\">15:00<\/td>\n<td style=\"width: 27.931%; height: 50px;\" width=\"161\">15:00<\/td>\n<td style=\"width: 53.3869%; height: 50px;\" width=\"164\">15:00<\/td>\n<\/tr>\n<tr style=\"height: 50px;\">\n<td style=\"width: 24.4828%; height: 50px;\" width=\"147\">15:30 (nicht Freitag)<\/td>\n<td style=\"width: 27.931%; height: 50px;\" width=\"161\">15:30 (nicht Freitag)<\/td>\n<td style=\"width: 53.3869%; height: 50px;\" width=\"164\">15:30 (nicht Freitag)<\/td>\n<\/tr>\n<tr style=\"height: 50px;\">\n<td style=\"width: 24.4828%; height: 50px;\" width=\"147\">16:00 (nicht Freitag)<\/td>\n<td style=\"width: 27.931%; height: 50px;\" width=\"161\">16:00 (nicht Freitag)<\/td>\n<td style=\"width: 53.3869%; height: 50px;\" width=\"164\">16:00 (nicht Freitag)<\/td>\n<\/tr>\n<tr style=\"height: 50px;\">\n<td style=\"width: 24.4828%; height: 50px;\" width=\"147\">16:30 (nicht Freitag)<\/td>\n<td style=\"width: 27.931%; height: 50px;\" width=\"161\">16:30 (nicht Freitag)<\/td>\n<td style=\"width: 53.3869%; height: 50px;\" width=\"164\">16:30 (nicht Freitag)<\/td>\n<\/tr>\n<\/tbody>\n<\/table>\n","protected":false},"excerpt":{"rendered":"<p>Die Vormerkung \/ Anmeldung in unserer Kindertagesst\u00e4tte l\u00e4uft wie folgt ab: &nbsp; \u00a0Das Vormerkverfahren &#8222;Little Bird&#8220; ist ab 01.03.2025 \u00fcber das\u00a0 Elternportal\u00a0\u00a0 https:\/\/kinderbetreuung-landkreis-miesbach.little-bird.de\/ zu erreichen. In dem Flyer &#8211;LITTLE-BIRD-Falzflyer-Miesbach_Ansicht &#8211; finden Sie zus\u00e4tzlich Infos und Hilfe. Die Anmeldung \u00fcber &#8222;Little Bird&#8220; (ab M\u00e4rz 2025) f\u00fcr einen Kita-Platz ist in der Regel w\u00e4hrend des laufenden Jahres &hellip; <\/p>\n<p class=\"link-more\"><a href=\"https:\/\/kita-schaftlach.de\/?page_id=783\" class=\"more-link\"><span class=\"screen-reader-text\">\u201eVormerkung in unserer Kita\u201c<\/span> weiterlesen<\/a><\/p>\n","protected":false},"author":2,"featured_media":0,"parent":0,"menu_order":0,"comment_status":"closed","ping_status":"closed","template":"","meta":{"footnotes":""},"class_list":["post-783","page","type-page","status-publish","hentry"],"_links":{"self":[{"href":"https:\/\/kita-schaftlach.de\/index.php?rest_route=\/wp\/v2\/pages\/783","targetHints":{"allow":["GET"]}}],"collection":[{"href":"https:\/\/kita-schaftlach.de\/index.php?rest_route=\/wp\/v2\/pages"}],"about":[{"href":"https:\/\/kita-schaftlach.de\/index.php?rest_route=\/wp\/v2\/types\/page"}],"author":[{"embeddable":true,"href":"https:\/\/kita-schaftlach.de\/index.php?rest_route=\/wp\/v2\/users\/2"}],"replies":[{"embeddable":true,"href":"https:\/\/kita-schaftlach.de\/index.php?rest_route=%2Fwp%2Fv2%2Fcomments&post=783"}],"version-history":[{"count":80,"href":"https:\/\/kita-schaftlach.de\/index.php?rest_route=\/wp\/v2\/pages\/783\/revisions"}],"predecessor-version":[{"id":2118,"href":"https:\/\/kita-schaftlach.de\/index.php?rest_route=\/wp\/v2\/pages\/783\/revisions\/2118"}],"wp:attachment":[{"href":"https:\/\/kita-schaftlach.de\/index.php?rest_route=%2Fwp%2Fv2%2Fmedia&parent=783"}],"curies":[{"name":"wp","href":"https:\/\/api.w.org\/{rel}","templated":true}]}}

<p style="text-align: center;"><span style="font-size: 14pt;"><strong>Die <span style="color: #339966;">Vormerkung / Anmeldung</span> in unserer Kindertagesstätte läuft wie folgt ab:</strong></span></p>
<p><img loading="lazy" decoding="async" class="wp-image-2081 aligncenter" src="http://kita-schaftlach.de/wp-content/uploads/2025/03/Unbenannt.png" alt="" width="143" height="90" /></p>
<p>&nbsp;</p>
<p><span style="font-size: 1rem;"> Das Vormerkverfahren &#8222;Little Bird&#8220; ist ab 01.03.2025 über das  Elternportal   </span></p>
<ul>
<li style="list-style-type: none; text-align: center;"><strong><span style="font-size: 1rem; color: #ff0000;">https://kinderbetreuung-landkreis-miesbach.little-bird.de/</span></strong></li>
<li style="list-style-type: none;"><span style="font-size: 1rem; color: #ff0000;"><span style="color: #000000;">zu erreichen.</span></span></li>
<li style="list-style-type: none;">In dem Flyer &#8211;<a href="http://kita-schaftlach.de/wp-content/uploads/2025/02/LITTLE-BIRD-Falzflyer-Miesbach_Ansicht.pdf">LITTLE-BIRD-Falzflyer-Miesbach_Ansicht</a> &#8211; finden Sie zusätzlich Infos und Hilfe.</li>
</ul>
<ul>
<li style="list-style-type: none;">
<ul style="list-style-type: disc;">
<li>Die <span style="color: #808080;"><strong>Anmeldung</strong></span> über &#8222;Little Bird&#8220; (ab März 2025) für einen Kita-Platz ist in der Regel während des laufenden Jahres <span style="color: #808080;"><strong>jederzeit möglich</strong></span>. Für das folgende Kita-Jahr muss die digitale Vormerkung <span style="color: #808080;"><strong>spätestens bis zum 01.03 (Krippe/Kiga) / 01.04 (Hort)</strong></span> erfolgen.</li>
</ul>
</li>
</ul>
<ul>
<li style="list-style-type: none;">
<ul style="list-style-type: disc;">
<li>Der Tag der offenen Tür wird auf der Website und in der lokalen Presse bekannt gegeben. Der Tag der offenen Tür im Hort findet zeitgleich zur Schuleinschreibung der Grundschule Waakirchen statt.</li>
</ul>
</li>
</ul>
<ul>
<li style="list-style-type: none;">
<ul style="list-style-type: disc;">
<li>Bei<span style="color: #808080;"><strong> Fragen</strong></span> zu unserer Einrichtung, schicken Sie bitte eine <span style="color: #808080;"><strong>E-Mail</strong></span> (Adressen s.u.) mit Ihren beschriebenen Anliegen!
<ul style="list-style-type: square;">
<li><span style="text-decoration: underline;">Krippe &amp; Kiga:</span> info@kiga-schaftlach.de</li>
<li><span style="text-decoration: underline;">Hort:</span> schukischawa@kiga-schaftlach.de</li>
</ul>
</li>
</ul>
</li>
</ul>
<ul>
<li style="list-style-type: none;"></li>
</ul>
<ul>
<li style="list-style-type: none;">
<ul>
<li>Falls es weniger Kita-Plätze als Anmeldungen gibt, benötigen wir noch eine <span style="color: #808080;"><strong>Arbeitgeber- bzw. Tätigkeitsbescheinigung</strong></span>, welches Sie in diesem Falle spätestens nach dem Anmeldeschluss von uns per Mail  erhalten!</li>
</ul>
</li>
</ul>
<ul>
<li style="list-style-type: none;">
<ul style="list-style-type: disc;">
<li>Falls <span style="color: #808080;"><strong>freie Plätze</strong></span> während dem laufenden Kita-Jahr vorhanden sind, werden diese anhand der vorgegebenen <strong><span style="color: #808080;">Aufnahmekriterien</span></strong> vergeben. Wenn Ihr Kind bei uns einen Platz erhält, werden Sie von uns kontaktiert.
<ul style="list-style-type: square;">
<li><a href="http://kita-schaftlach.de/?page_id=180">Aufnahmekriterien Krippe</a></li>
<li><a href="http://kita-schaftlach.de/?page_id=182">Aufnahmekriterien Kindergarten</a></li>
<li><a href="http://kita-schaftlach.de/?page_id=171">Aufnahmekriterien Hort</a></li>
</ul>
</li>
</ul>
</li>
</ul>
<ul>
<li style="list-style-type: none;">
<ul style="list-style-type: disc;">
<li>Unsere aktuellen <span style="color: #808080;"><strong>Flyer</strong></span> finden Sie hier:
<ul style="list-style-type: square;">
<li><a href="http://kita-schaftlach.de/wp-content/uploads/2025/07/Krippen-Flyer-2025.pdf">Krippen Flyer </a></li>
<li><a href="http://kita-schaftlach.de/wp-content/uploads/2025/07/Kiga-Flyer-2025.pdf">Kiga Flyer</a></li>
<li><a href="http://kita-schaftlach.de/wp-content/uploads/2025/07/Flyer-SchukiSchaWa-Sj.-25-26.pdf">Hort Flyer </a></li>
</ul>
</li>
</ul>
</li>
</ul>
<ul>
<li style="list-style-type: none;">
<ul style="list-style-type: disc;">
<li><strong>Die Vormerkung begründet keine Ansprüche auf Aufnahme des Kindes in die Einrichtung, sowie die Einteilung in eine bestimmte Gruppe.</strong></li>
</ul>
</li>
</ul>
<table style="width: 127.069%; height: 749px;">
<tbody>
<tr style="height: 50px;">
<td style="width: 125.284%; height: 50px;" colspan="4" width="604"><strong>Mögliche Buchungszeiten (von…bis…) in…</strong></td>
</tr>
<tr style="height: 29px;">
<td style="width: 19.4828%; height: 29px;" width="132"></td>
<td style="width: 24.4828%; height: 29px;" width="147">… Krippe</td>
<td style="width: 27.931%; height: 29px;" width="161">… Kindergarten</td>
<td style="width: 53.3869%; height: 29px;" width="164">… SchuKiSchaWa</td>
</tr>
<tr style="height: 20px;">
<td style="width: 125.284%; height: 20px;" colspan="4" width="604"><strong>Kommzeiten:</strong></td>
</tr>
<tr style="height: 50px;">
<td style="width: 19.4828%; height: 150px;" rowspan="3" width="132"></td>
<td style="width: 24.4828%; height: 50px;" width="147">7:00</td>
<td style="width: 27.931%; height: 50px;" width="161">7:00</td>
<td style="width: 53.3869%; height: 50px;" width="164">11:45</td>
</tr>
<tr style="height: 50px;">
<td style="width: 24.4828%; height: 50px;" width="147">7:30</td>
<td style="width: 27.931%; height: 50px;" width="161">7:30</td>
<td style="width: 53.3869%; height: 50px;" width="164">12:30</td>
</tr>
<tr style="height: 50px;">
<td style="width: 24.4828%; height: 50px;" width="147">8:00</td>
<td style="width: 27.931%; height: 50px;" width="161">8:00</td>
<td style="width: 53.3869%; height: 50px;" width="164">8:00</td>
</tr>
<tr style="height: 50px;">
<td style="width: 125.284%; height: 50px;" colspan="4" width="604"><strong>Abholzeiten:</strong></td>
</tr>
<tr style="height: 50px;">
<td style="width: 19.4828%; height: 450px;" rowspan="9" width="132"></td>
<td style="width: 24.4828%; height: 50px;" width="147">12:00</td>
<td style="width: 27.931%; height: 50px;" width="161">12:30</td>
<td style="width: 53.3869%; height: 50px;" width="164"></td>
</tr>
<tr style="height: 50px;">
<td style="width: 24.4828%; height: 50px;" width="147"></td>
<td style="width: 27.931%; height: 50px;" width="161">13:00</td>
<td style="width: 53.3869%; height: 50px;" width="164"></td>
</tr>
<tr style="height: 50px;">
<td style="width: 24.4828%; height: 50px;" width="147"></td>
<td style="width: 27.931%; height: 50px;" width="161">13:00</td>
<td style="width: 53.3869%; height: 50px;" width="164"></td>
</tr>
<tr style="height: 50px;">
<td style="width: 24.4828%; height: 50px;" width="147">14:00</td>
<td style="width: 27.931%; height: 50px;" width="161">14:00</td>
<td style="width: 53.3869%; height: 50px;" width="164">14:00</td>
</tr>
<tr style="height: 50px;">
<td style="width: 24.4828%; height: 50px;" width="147"></td>
<td style="width: 27.931%; height: 50px;" width="161">14:30</td>
<td style="width: 53.3869%; height: 50px;" width="164">14.30</td>
</tr>
<tr style="height: 50px;">
<td style="width: 24.4828%; height: 50px;" width="147">15:00</td>
<td style="width: 27.931%; height: 50px;" width="161">15:00</td>
<td style="width: 53.3869%; height: 50px;" width="164">15:00</td>
</tr>
<tr style="height: 50px;">
<td style="width: 24.4828%; height: 50px;" width="147">15:30 (nicht Freitag)</td>
<td style="width: 27.931%; height: 50px;" width="161">15:30 (nicht Freitag)</td>
<td style="width: 53.3869%; height: 50px;" width="164">15:30 (nicht Freitag)</td>
</tr>
<tr style="height: 50px;">
<td style="width: 24.4828%; height: 50px;" width="147">16:00 (nicht Freitag)</td>
<td style="width: 27.931%; height: 50px;" width="161">16:00 (nicht Freitag)</td>
<td style="width: 53.3869%; height: 50px;" width="164">16:00 (nicht Freitag)</td>
</tr>
<tr style="height: 50px;">
<td style="width: 24.4828%; height: 50px;" width="147">16:30 (nicht Freitag)</td>
<td style="width: 27.931%; height: 50px;" width="161">16:30 (nicht Freitag)</td>
<td style="width: 53.3869%; height: 50px;" width="164">16:30 (nicht Freitag)</td>
</tr>
</tbody>
</table>

<p>Die Vormerkung / Anmeldung in unserer Kindertagesstätte läuft wie folgt ab: &nbsp;  Das Vormerkverfahren &#8222;Little Bird&#8220; ist ab 01.03.2025 über das  Elternportal   https://kinderbetreuung-landkreis-miesbach.little-bird.de/ zu erreichen. In dem Flyer &#8211;LITTLE-BIRD-Falzflyer-Miesbach_Ansicht &#8211; finden Sie zusätzlich Infos und Hilfe. Die Anmeldung über &#8222;Little Bird&#8220; (ab März 2025) für einen Kita-Platz ist in der Regel während des laufenden Jahres &hellip; </p>
<p class="link-more"><a href="https://kita-schaftlach.de/?page_id=783" class="more-link"><span class="screen-reader-text">„Vormerkung in unserer Kita“</span> weiterlesen</a></p>
