{"id":284,"date":"2020-04-02T13:24:26","date_gmt":"2020-04-02T13:24:26","guid":{"rendered":"http:\/\/kita-schaftlach.de\/?page_id=284"},"modified":"2020-10-16T10:09:33","modified_gmt":"2020-10-16T10:09:33","slug":"kindergarten-erika-sixt","status":"publish","type":"page","link":"https:\/\/kita-schaftlach.de\/?page_id=284","title":{"rendered":"Bereich Kindergarten"},"content":{"rendered":"<p><a href=\"http:\/\/kita-schaftlach.de\/?page_id=7\">Kindergarten: Wir \u00fcber uns<\/a><\/p>\n<p><a href=\"http:\/\/kita-schaftlach.de\/?page_id=26\">\u00d6ffnungszeiten Kindergarten<\/a><\/p>\n<p><a href=\"http:\/\/kita-schaftlach.de\/?page_id=240\">Ferienplan Kindergarten<\/a><\/p>\n<p><a href=\"http:\/\/kita-schaftlach.de\/?page_id=82\">Was kostet der Kindergartenbesuch?<\/a><\/p>\n<p><a href=\"http:\/\/kita-schaftlach.de\/?page_id=91\">Ein Tag in unserem Kindergarten<\/a><\/p>\n<p><a href=\"http:\/\/kita-schaftlach.de\/?page_id=354\">Eingew\u00f6hnung und \u00dcberg\u00e4nge<\/a><\/p>\n<p><a href=\"http:\/\/kita-schaftlach.de\/?page_id=197\">Anmeldung Kindergarten<\/a><\/p>\n<p><a href=\"http:\/\/kita-schaftlach.de\/?page_id=182\">Aufnahmekriterien Kindergarten<\/a><\/p>\n<p><a href=\"http:\/\/kita-schaftlach.de\/?page_id=329\">Bildergalerie Kindergarten<\/a><\/p>\n<p><img loading=\"lazy\" decoding=\"async\" class=\"size-medium wp-image-20 alignleft\" src=\"http:\/\/kita-schaftlach.de\/wp-content\/uploads\/2019\/04\/logo-300x250.jpg\" alt=\"\" width=\"300\" height=\"250\" srcset=\"https:\/\/kita-schaftlach.de\/wp-content\/uploads\/2019\/04\/logo-300x250.jpg 300w, https:\/\/kita-schaftlach.de\/wp-content\/uploads\/2019\/04\/logo-768x641.jpg 768w, https:\/\/kita-schaftlach.de\/wp-content\/uploads\/2019\/04\/logo-1024x854.jpg 1024w\" sizes=\"auto, (max-width: 300px) 100vw, 300px\" \/><\/p>\n","protected":false},"excerpt":{"rendered":"<p>Kindergarten: Wir \u00fcber uns \u00d6ffnungszeiten Kindergarten Ferienplan Kindergarten Was kostet der Kindergartenbesuch? Ein Tag in unserem Kindergarten Eingew\u00f6hnung und \u00dcberg\u00e4nge Anmeldung Kindergarten Aufnahmekriterien Kindergarten Bildergalerie Kindergarten<\/p>\n","protected":false},"author":2,"featured_media":0,"parent":0,"menu_order":0,"comment_status":"closed","ping_status":"closed","template":"","meta":{"footnotes":""},"class_list":["post-284","page","type-page","status-publish","hentry"],"_links":{"self":[{"href":"https:\/\/kita-schaftlach.de\/index.php?rest_route=\/wp\/v2\/pages\/284","targetHints":{"allow":["GET"]}}],"collection":[{"href":"https:\/\/kita-schaftlach.de\/index.php?rest_route=\/wp\/v2\/pages"}],"about":[{"href":"https:\/\/kita-schaftlach.de\/index.php?rest_route=\/wp\/v2\/types\/page"}],"author":[{"embeddable":true,"href":"https:\/\/kita-schaftlach.de\/index.php?rest_route=\/wp\/v2\/users\/2"}],"replies":[{"embeddable":true,"href":"https:\/\/kita-schaftlach.de\/index.php?rest_route=%2Fwp%2Fv2%2Fcomments&post=284"}],"version-history":[{"count":6,"href":"https:\/\/kita-schaftlach.de\/index.php?rest_route=\/wp\/v2\/pages\/284\/revisions"}],"predecessor-version":[{"id":756,"href":"https:\/\/kita-schaftlach.de\/index.php?rest_route=\/wp\/v2\/pages\/284\/revisions\/756"}],"wp:attachment":[{"href":"https:\/\/kita-schaftlach.de\/index.php?rest_route=%2Fwp%2Fv2%2Fmedia&parent=284"}],"curies":[{"name":"wp","href":"https:\/\/api.w.org\/{rel}","templated":true}]}}