{"id":282,"date":"2020-04-02T13:19:24","date_gmt":"2020-04-02T13:19:24","guid":{"rendered":"http:\/\/kita-schaftlach.de\/?page_id=282"},"modified":"2020-10-16T10:08:36","modified_gmt":"2020-10-16T10:08:36","slug":"krippe-erika-sixt","status":"publish","type":"page","link":"https:\/\/kita-schaftlach.de\/?page_id=282","title":{"rendered":"Bereich Krippe"},"content":{"rendered":"<p><a href=\"http:\/\/kita-schaftlach.de\/?page_id=8\">Krippe (Erika-Sixt)<\/a><\/p>\n<p><a href=\"http:\/\/kita-schaftlach.de\/?page_id=57\">\u00d6ffnungszeiten Krippe<\/a><\/p>\n<p><a href=\"http:\/\/kita-schaftlach.de\/?page_id=236\">Ferienplan Krippe<\/a><\/p>\n<p><a href=\"http:\/\/kita-schaftlach.de\/?page_id=70\">Was kostet der Krippenbesuch?<\/a><\/p>\n<p><a href=\"http:\/\/kita-schaftlach.de\/?page_id=76\">Ein Tag in unserer Kinderkrippe<\/a><\/p>\n<p><a href=\"http:\/\/kita-schaftlach.de\/?page_id=352\">Eingew\u00f6hnung und \u00dcberg\u00e4nge<\/a><\/p>\n<p><a href=\"http:\/\/kita-schaftlach.de\/?page_id=190\">Anmeldung Kinderkrippe<\/a><\/p>\n<p><a href=\"http:\/\/kita-schaftlach.de\/?page_id=180\">Aufnahmekriterien Kinderkrippe<\/a><\/p>\n<p><a href=\"http:\/\/kita-schaftlach.de\/?page_id=327\">Bildergalerie Kinderkrippe<\/a><\/p>\n<p><img loading=\"lazy\" decoding=\"async\" class=\"size-medium wp-image-20 alignleft\" src=\"http:\/\/kita-schaftlach.de\/wp-content\/uploads\/2019\/04\/logo-300x250.jpg\" alt=\"\" width=\"300\" height=\"250\" srcset=\"https:\/\/kita-schaftlach.de\/wp-content\/uploads\/2019\/04\/logo-300x250.jpg 300w, https:\/\/kita-schaftlach.de\/wp-content\/uploads\/2019\/04\/logo-768x641.jpg 768w, https:\/\/kita-schaftlach.de\/wp-content\/uploads\/2019\/04\/logo-1024x854.jpg 1024w\" sizes=\"auto, (max-width: 300px) 100vw, 300px\" \/><\/p>\n","protected":false},"excerpt":{"rendered":"<p>Krippe (Erika-Sixt) \u00d6ffnungszeiten Krippe Ferienplan Krippe Was kostet der Krippenbesuch? Ein Tag in unserer Kinderkrippe Eingew\u00f6hnung und \u00dcberg\u00e4nge Anmeldung Kinderkrippe Aufnahmekriterien Kinderkrippe Bildergalerie Kinderkrippe<\/p>\n","protected":false},"author":2,"featured_media":0,"parent":0,"menu_order":0,"comment_status":"closed","ping_status":"closed","template":"","meta":{"footnotes":""},"class_list":["post-282","page","type-page","status-publish","hentry"],"_links":{"self":[{"href":"https:\/\/kita-schaftlach.de\/index.php?rest_route=\/wp\/v2\/pages\/282","targetHints":{"allow":["GET"]}}],"collection":[{"href":"https:\/\/kita-schaftlach.de\/index.php?rest_route=\/wp\/v2\/pages"}],"about":[{"href":"https:\/\/kita-schaftlach.de\/index.php?rest_route=\/wp\/v2\/types\/page"}],"author":[{"embeddable":true,"href":"https:\/\/kita-schaftlach.de\/index.php?rest_route=\/wp\/v2\/users\/2"}],"replies":[{"embeddable":true,"href":"https:\/\/kita-schaftlach.de\/index.php?rest_route=%2Fwp%2Fv2%2Fcomments&post=282"}],"version-history":[{"count":6,"href":"https:\/\/kita-schaftlach.de\/index.php?rest_route=\/wp\/v2\/pages\/282\/revisions"}],"predecessor-version":[{"id":755,"href":"https:\/\/kita-schaftlach.de\/index.php?rest_route=\/wp\/v2\/pages\/282\/revisions\/755"}],"wp:attachment":[{"href":"https:\/\/kita-schaftlach.de\/index.php?rest_route=%2Fwp%2Fv2%2Fmedia&parent=282"}],"curies":[{"name":"wp","href":"https:\/\/api.w.org\/{rel}","templated":true}]}}