{"id":266,"date":"2020-04-02T11:54:29","date_gmt":"2020-04-02T11:54:29","guid":{"rendered":"http:\/\/kita-schaftlach.de\/?page_id=266"},"modified":"2026-01-26T12:43:11","modified_gmt":"2026-01-26T12:43:11","slug":"stellenausschreibung","status":"publish","type":"page","link":"https:\/\/kita-schaftlach.de\/?page_id=266","title":{"rendered":"Stellenausschreibung"},"content":{"rendered":"<p style=\"text-align: left;\"><strong>Hier finden Sie die aktuellen Stellenausschreibungen f\u00fcr unsere Einrichtung. Wenn wir Ihr Interesse <\/strong><strong>geweckt haben, w\u00fcrden wir uns \u00fcber Ihre Bewerbung freuen!<\/strong><\/p>\n<p><a href=\"http:\/\/kita-schaftlach.de\/wp-content\/uploads\/2026\/01\/Stellenausschreibung-Hort.pdf\">Stellenausschreibung Hort<\/a><\/p>\n<p><strong>Infos zur (klassischen) Kita-Ausbildung:<\/strong><\/p>\n<p><a href=\"http:\/\/kita-schaftlach.de\/wp-content\/uploads\/2023\/10\/Ausbildung-Erzieher.pdf\">Ausbildung Erzieher<\/a><\/p>\n<p><a href=\"http:\/\/kita-schaftlach.de\/wp-content\/uploads\/2023\/10\/Ausbildung-Kinderpflege.pdf\">Ausbildung Kinderpflege<\/a><\/p>\n<p>&nbsp;<\/p>\n<p>&nbsp;<\/p>\n<p>&nbsp;<\/p>\n<p>&nbsp;<\/p>\n<p>&nbsp;<\/p>\n<p>&nbsp;<\/p>\n<p>&nbsp;<\/p>\n<p>&nbsp;<\/p>\n<p>&nbsp;<\/p>\n<p>&nbsp;<\/p>\n<p>&nbsp;<\/p>\n<p>&nbsp;<\/p>\n<p>&nbsp;<\/p>\n<p>&nbsp;<\/p>\n<p>&nbsp;<\/p>\n","protected":false},"excerpt":{"rendered":"<p>Hier finden Sie die aktuellen Stellenausschreibungen f\u00fcr unsere Einrichtung. Wenn wir Ihr Interesse geweckt haben, w\u00fcrden wir uns \u00fcber Ihre Bewerbung freuen! Stellenausschreibung Hort Infos zur (klassischen) Kita-Ausbildung: Ausbildung Erzieher Ausbildung Kinderpflege &nbsp; &nbsp; &nbsp; &nbsp; &nbsp; &nbsp; &nbsp; &nbsp; &nbsp; &nbsp; &nbsp; &nbsp; &nbsp; &nbsp; &nbsp;<\/p>\n","protected":false},"author":2,"featured_media":0,"parent":0,"menu_order":0,"comment_status":"closed","ping_status":"closed","template":"","meta":{"footnotes":""},"class_list":["post-266","page","type-page","status-publish","hentry"],"_links":{"self":[{"href":"https:\/\/kita-schaftlach.de\/index.php?rest_route=\/wp\/v2\/pages\/266","targetHints":{"allow":["GET"]}}],"collection":[{"href":"https:\/\/kita-schaftlach.de\/index.php?rest_route=\/wp\/v2\/pages"}],"about":[{"href":"https:\/\/kita-schaftlach.de\/index.php?rest_route=\/wp\/v2\/types\/page"}],"author":[{"embeddable":true,"href":"https:\/\/kita-schaftlach.de\/index.php?rest_route=\/wp\/v2\/users\/2"}],"replies":[{"embeddable":true,"href":"https:\/\/kita-schaftlach.de\/index.php?rest_route=%2Fwp%2Fv2%2Fcomments&post=266"}],"version-history":[{"count":54,"href":"https:\/\/kita-schaftlach.de\/index.php?rest_route=\/wp\/v2\/pages\/266\/revisions"}],"predecessor-version":[{"id":2172,"href":"https:\/\/kita-schaftlach.de\/index.php?rest_route=\/wp\/v2\/pages\/266\/revisions\/2172"}],"wp:attachment":[{"href":"https:\/\/kita-schaftlach.de\/index.php?rest_route=%2Fwp%2Fv2%2Fmedia&parent=266"}],"curies":[{"name":"wp","href":"https:\/\/api.w.org\/{rel}","templated":true}]}}