{"id":171,"date":"2020-03-26T14:01:01","date_gmt":"2020-03-26T14:01:01","guid":{"rendered":"http:\/\/kita-schaftlach.de\/?page_id=171"},"modified":"2024-06-25T06:41:36","modified_gmt":"2024-06-25T06:41:36","slug":"aufnahmekriterien-der-verschiedenen-bereiche-im-haus-fuer-kinder","status":"publish","type":"page","link":"https:\/\/kita-schaftlach.de\/?page_id=171","title":{"rendered":"Aufnahmekriterien SchuKiSchaWa"},"content":{"rendered":"<p><u><span style=\"color: #333333;\"><strong>Priorisierung der Aufnahmekriterien f\u00fcr den <span style=\"color: #008080;\">Kinderhort<\/span><\/strong><\/span>:<\/u><\/p>\n<ol>\n<li style=\"list-style-type: none;\">\n<ol>\n<li>Kinder die in der Gemeinde wohnen<\/li>\n<li>Kinder des Personals<\/li>\n<li>Kinder die bereits Geschwister in der Einrichtung haben\/ hatten<\/li>\n<li>Kinder von Eltern mit beruflichen und sozialen Besonderheiten<\/li>\n<li>Kinder aus dem internen Kindergarten &#8222;Erika-Sixt&#8220;<\/li>\n<li>Kinder welche Grundschule Waakirchen\/ F\u00f6rderschule besuchen<\/li>\n<li>Kinder aus anderen Gemeinden<\/li>\n<\/ol>\n<\/li>\n<\/ol>\n<p>&nbsp;<\/p>\n<p>Die Aufnahme in die Kindertagesst\u00e4tte erfolgt nach Ma\u00dfgabe der verf\u00fcgbaren Pl\u00e4tze. Sind nicht gen\u00fcgend Pl\u00e4tze vorhanden, so wird die Auswahl nachfolgenden Dringlichkeitsstufen getroffen.<\/p>\n<p><em>Ein Kinderhortplatz wird grunds\u00e4tzlich bis zum \u00dcbertritt in eine weiterf\u00fchrende Schule vergeben.<\/em><\/p>\n","protected":false},"excerpt":{"rendered":"<p>Priorisierung der Aufnahmekriterien f\u00fcr den Kinderhort: Kinder die in der Gemeinde wohnen Kinder des Personals Kinder die bereits Geschwister in der Einrichtung haben\/ hatten Kinder von Eltern mit beruflichen und sozialen Besonderheiten Kinder aus dem internen Kindergarten &#8222;Erika-Sixt&#8220; Kinder welche Grundschule Waakirchen\/ F\u00f6rderschule besuchen Kinder aus anderen Gemeinden &nbsp; Die Aufnahme in die Kindertagesst\u00e4tte erfolgt &hellip; <\/p>\n<p class=\"link-more\"><a href=\"https:\/\/kita-schaftlach.de\/?page_id=171\" class=\"more-link\"><span class=\"screen-reader-text\">\u201eAufnahmekriterien SchuKiSchaWa\u201c<\/span> weiterlesen<\/a><\/p>\n","protected":false},"author":2,"featured_media":0,"parent":0,"menu_order":0,"comment_status":"closed","ping_status":"closed","template":"","meta":{"footnotes":""},"class_list":["post-171","page","type-page","status-publish","hentry"],"_links":{"self":[{"href":"https:\/\/kita-schaftlach.de\/index.php?rest_route=\/wp\/v2\/pages\/171","targetHints":{"allow":["GET"]}}],"collection":[{"href":"https:\/\/kita-schaftlach.de\/index.php?rest_route=\/wp\/v2\/pages"}],"about":[{"href":"https:\/\/kita-schaftlach.de\/index.php?rest_route=\/wp\/v2\/types\/page"}],"author":[{"embeddable":true,"href":"https:\/\/kita-schaftlach.de\/index.php?rest_route=\/wp\/v2\/users\/2"}],"replies":[{"embeddable":true,"href":"https:\/\/kita-schaftlach.de\/index.php?rest_route=%2Fwp%2Fv2%2Fcomments&post=171"}],"version-history":[{"count":9,"href":"https:\/\/kita-schaftlach.de\/index.php?rest_route=\/wp\/v2\/pages\/171\/revisions"}],"predecessor-version":[{"id":1916,"href":"https:\/\/kita-schaftlach.de\/index.php?rest_route=\/wp\/v2\/pages\/171\/revisions\/1916"}],"wp:attachment":[{"href":"https:\/\/kita-schaftlach.de\/index.php?rest_route=%2Fwp%2Fv2%2Fmedia&parent=171"}],"curies":[{"name":"wp","href":"https:\/\/api.w.org\/{rel}","templated":true}]}}